 = 30, 2*w = -5*o + 58. What is the tens digit of o?
1
What is the units digit of (7 - 6)*-82*(-2)/4?
1
Let z = 52 - 25. What is the tens digit of z?
2
Let v be ((-3)/2)/(4/(-8)). Suppose -v*x - 64 = 74. Let c = x + 66. What is the tens digit of c?
2
Let d(w) = w**3 - 7*w**2 - 8*w + 8. Let a be d(8). What is the tens digit of (0 - -35) + (6 - a)?
3
What is the tens digit of 37 - 0 - ((-6)/6 - -5)?
3
Let x be ((-8)/12)/(2/(-36)). Suppose -2*d + 0*d = x. Let c = d + 11. What is the units digit of c?
5
Let m be 2*(3 - 2) - -1. Suppose c + 40 = m*c. What is the units digit of c/6 + 4/6?
4
Let v(w) = -w**3 - 2*w**2 + w - 2. Let l be v(-3). What is the units digit of (-51)/(-1) - 8/l?
9
Suppose 3*a + 3*z + 51 = 4*a, -3*a + z = -177. What is the units digit of a?
0
Suppose 0 = 2*g + 2*g - 3*h - 31, 2*g - 2*h - 14 = 0. Let s = g - 14. What is the units digit of (-22)/(2 + 0 + s)?
1
Suppose -2*d + 8 = -0. What is the tens digit of ((-368)/(-24))/(d/6)?
2
Let y = 20 - 11. Let t be ((-24)/y)/((-4)/6). Suppose -2*i - 3*b = i - 12, 3*i = -t*b + 9. What is the units digit of i?
7
Suppose 7*d = 124 + 9. What is the units digit of d?
9
Let x(b) = -b**3 + 9*b**2 - 7*b + 2. What is the units digit of x(8)?
0
Let m be 3/(-2)*(-4)/3. Suppose 1 + m = 3*y. What is the units digit of y?
1
Let s = 9 + 3. What is the units digit of s?
2
Suppose 2*n = 8*n - 462. What is the tens digit of n?
7
Let g be ((-3)/(-9))/((-2)/(-18)). Suppose 5*r - 13 = x, g*r + 12 = -2*x - 1. Let b = 0 - x. What is the units digit of b?
8
Let t(l) = 2*l - 1. Let o be t(2). Let w(v) be the third derivative of v**5/60 - v**4/24 - v**3/3 - 6*v**2. What is the units digit of w(o)?
4
Let z(u) = -11*u**3 + u**2 - 3*u - 2. What is the tens digit of z(-2)?
9
Suppose 4*a - 6*p - 1077 = -p, 3*a - 814 = 5*p. What is the units digit of a?
3
What is the tens digit of ((-1)/(-3))/((-12)/(-1368))?
3
Let m be (4/(-10))/(2/(-20)). Suppose 0 = m*y - 12 - 4. Suppose -y - 2 = -p. What is the units digit of p?
6
What is the units digit of -3 + 37 + (-4)/(-2)?
6
Suppose -u = -0*u - 4. What is the tens digit of (70/u)/(5/10)?
3
Suppose 131 = 4*j - c, 3*c - 67 + 18 = -j. What is the tens digit of j?
3
Let a be (3/(-6))/((-1)/(-28)). Let d be ((-1)/2)/(1/a). Suppose -d = j + 3*n, -2*j - 2*n - 18 = -3*j. What is the units digit of j?
8
Let c(t) = t - 1. Let d be c(3). Let j be (-9)/d - 2/(-4). What is the units digit of 2/(-2*2)*j?
2
Suppose -s = 5*u - 25 - 30, 220 = 4*s + u. What is the units digit of s?
5
Let r(g) = 2*g**3 + 2*g**2 - 1. Let v be r(-2). Let w = 19 + v. Let y = 19 - w. What is the units digit of y?
9
Let f(w) = -w**2 + 2*w + 5. Let x be f(4). Let h = x - -1. Let d(b) = -b**3 + 2*b**2 + 2*b - 1. What is the units digit of d(h)?
1
Let w be 1 + -1 - -3*1. Suppose -w*o + 4 = 4*l + o, 10 = -2*l + o. What is the units digit of l*(-1 + 0 + 0)?
3
Suppose -21 = -5*j - 1. Suppose -j*r + a = 2 - 3, 2*r + 3 = -3*a. Suppose 5*c + 39 = 3*m, -m = -r*m - 4*c - 20. What is the units digit of m?
8
Let v(l) = 7*l**2 + l - 3. What is the units digit of v(-3)?
7
Let l(y) = -y**3 + 10*y**2 - 8*y + 6. Let s be l(9). Suppose 4*k = -k - s. What is the units digit of k - 0 - -2*2?
1
Let v(a) = a**2 + a + 3. Let i be v(-4). Suppose 2*u - 6*u - 40 = 0. Let l = i + u. What is the units digit of l?
5
Let j(h) = 3 - 2 + 5*h + 4*h. What is the units digit of j(1)?
0
Suppose 5*h + 100 = 5*m, m - 6*m - 5*h = -60. What is the units digit of m?
6
Suppose -l = -0*p + 5*p - 205, -p + 55 = 3*l. What is the units digit of (p/14)/((-36)/(-630))?
0
Let z(q) = 33*q + 59. What is the tens digit of z(10)?
8
Suppose 2*w + 17 - 25 = 0. Suppose -w*l + 58 = -30. What is the tens digit of l?
2
Suppose -2*m - 6 = -5*f, 9 = 4*f + 3*m - 5. Suppose -2*q - 6 = f. Let h = -3 - q. What is the units digit of h?
1
Suppose -3*a = 4*x - 51, -x + 3*a + 2 + 7 = 0. Suppose -u + 5 = -2*u, 0 = -4*o - 2*u - 26. Let c = o + x. What is the units digit of c?
8
What is the tens digit of 3 + (1 - 3 - -17)?
1
Let y be 2/6 + (-100)/(-15). Let h = 7 + y. What is the tens digit of h?
1
Let a(h) = -h**3 + 2*h - 1. Let l be a(-2). Suppose -27 = -j + 3*c, -3*j + 31 = -2*c + l*c. What is the tens digit of j?
1
Suppose 228 = 4*q + 4*g, -4*q + g - 3*g + 234 = 0. What is the tens digit of q?
6
Let n = 16 - 8. Let o = n + -7. What is the tens digit of (-3 - -54)/3*o?
1
Let y(k) = -8 - 2*k + 9 + 0 + 2*k**2. Let u(a) = a - 6. Let w be u(7). What is the units digit of y(w)?
1
Let p(l) be the first derivative of -2 - 6*l - 4*l**2 - 1/3*l**3. What is the units digit of p(-6)?
6
Let z be (-1)/(((-3)/(-2))/3). Let y be 8 + z/(2/3). Suppose k - 30 = y*m, 4*k + 0*m = -3*m + 28. What is the units digit of k?
0
Suppose 0 = -a - a + 44. What is the tens digit of a?
2
Let k(q) = -q**2 - 16*q + 18. What is the tens digit of k(-15)?
3
Let w = -138 - -230. What is the units digit of w?
2
Let o be (8/(-20))/((-2)/(-30)). Let f(b) = b**2 + 2*b - 1. Let g(l) = -l - 1. Let m(c) = o*g(c) - f(c). What is the units digit of m(5)?
2
Suppose -g + 0*g - 4*w + 96 = 0, 3*w - 91 = -g. What is the units digit of g?
6
Let h(b) be the third derivative of -5*b**4/8 - b**3/6 + b**2. What is the tens digit of h(-1)?
1
Let h = 102 + -26. What is the tens digit of h?
7
Suppose 3*x + 2*x = 10. Suppose -x*g + 13 = 5*f, g + f - 4 - 4 = 0. What is the units digit of g?
9
Suppose -4*t = 3*h - 134, h - 6 + 68 = 2*t. What is the units digit of t?
2
Let k be 17/5 - (-6)/10. Suppose -4*d - 28 = -k*y, -4*y + y - 2*d = -46. Suppose -4*h + y + 44 = 0. What is the tens digit of h?
1
Suppose -m - 3*j - 7 = 0, -5*m + 3*j + 18 + 1 = 0. Let u = 5 - m. Suppose 4*b - u*i + 18 = 6*b, -10 = -3*b + 4*i. What is the units digit of b?
6
Let o = -44 - -64. What is the units digit of o?
0
Let u(y) be the third derivative of -2*y**2 + 1/2*y**3 + 1/24*y**4 + 0 + 0*y. What is the units digit of u(-2)?
1
Let z = 2 - 0. Let h be 2 + 2/z*7. Suppose -5*d + 0*x + x = -7, 3*x = 3*d - h. What is the units digit of d?
1
What is the units digit of (336/18)/((-2)/(-3))?
8
Let i(y) = -5*y - 10. Let h be i(-5). Suppose 0 = h*w - 19*w + 4. What is the units digit of w?
1
Suppose u = -3*h - u + 27, -4*h + 36 = -3*u. Let t be 8/(-6)*h/2. Let w(x) = x**2 + 3*x - 3. What is the tens digit of w(t)?
1
Let v(r) = -r**3 + 6*r**2 + 6*r - 5. What is the units digit of v(6)?
1
Let l = -9 - -7. Let u be 1/(2/(-80)*l). What is the units digit of (-4 - (0 - 1)) + u?
7
Suppose 22*g = 19*g + 381. What is the tens digit of g?
2
Let z(o) = 7*o + 12. What is the tens digit of z(3)?
3
Let a(s) be the second derivative of -5*s**3/6 - 3*s**2 + 8*s. What is the units digit of a(-5)?
9
What is the units digit of (-45)/(-7) + (-3)/7?
6
Let n = -31 + 75. What is the units digit of n/6*3 - -1?
3
Let o be 1 + (-2 - (-2 - 3)). Let s = o + -1. Suppose -3*d = -0*d - s. What is the units digit of d?
1
Let h(r) = r**2 + 11*r + 13. Let m = 7 + -17. What is the units digit of h(m)?
3
Let m(l) = -l**2 + 4*l + 3. Let h be m(6). Let j(b) = b**2 - 15*b - 22. Let v be j(16). What is the units digit of v/h - 98/(-6)?
7
Suppose -3*n - 2*i = -4, 3*n = 5*n + 4*i - 16. Let x = n + 14. What is the tens digit of x?
1
Let k be 1*26/2 + -3. Let i = 13 - k. What is the units digit of i?
3
Let u(d) be the third derivative of 7*d**5/15 - 8*d**2. What is the units digit of u(-1)?
8
Let s(i) = -12*i + 4. What is the units digit of s(-2)?
8
What is the units digit of 0 + 2 + 9*3?
9
Suppose -d = -2*d + 42. What is the units digit of d?
2
Let s be 1*2*(-20)/(-8). What is the units digit of 4/10 + 63/s?
3
Let p(k) = k**3 + k**2 - 3*k + 1. Let x be p(3). Let j = x + -14. What is the tens digit of j?
1
Let k be (2/6)/((-2)/(-66)). Let h(y) = 2*y + 15. What is the units digit of h(k)?
7
Suppose -4*y - 25 - 23 = -4*m, 0 = -2*m - 4*y + 48. Suppose -2*s + m = 4*g - 4, 5*g + 66 = 4*s. Let c = s - 9. What is the units digit of c?
5
Let p = 14 + -10. Suppose 5*j + z = p*z - 31, z - 2 = 0. Let b = -2 - j. What is the units digit of b?
3
Let g = -2 + 0. What is the tens digit of 1 + -2 + (g - -13)?
1
Let x = 62 - 28. Let h = x - 24. What is the units digit of h?
0
Suppose 127 = 2*j - j. What is the hundreds digit of j?
1
Let q = -1 - -3. Let x(s) = s**2 - 2. What is the units digit of x(q)?
2
Let a = 5 + -5. Suppose 0 = -5*